{"id":57,"date":"2023-02-08T12:29:22","date_gmt":"2023-02-08T11:29:22","guid":{"rendered":"https:\/\/dev.seneca-cf.de\/?page_id=57"},"modified":"2023-03-27T10:43:16","modified_gmt":"2023-03-27T08:43:16","slug":"copyright","status":"publish","type":"page","link":"https:\/\/dev.seneca-cf.de\/index.php\/copyright\/","title":{"rendered":"Copyright"},"content":{"rendered":"<p>[et_pb_section fb_built=&#8220;1&#8243; theme_builder_area=&#8220;post_content&#8220; _builder_version=&#8220;4.20.2&#8243; _module_preset=&#8220;default&#8220;][et_pb_row _builder_version=&#8220;4.20.2&#8243; _module_preset=&#8220;default&#8220; theme_builder_area=&#8220;post_content&#8220;][et_pb_column _builder_version=&#8220;4.20.2&#8243; _module_preset=&#8220;default&#8220; type=&#8220;4_4&#8243; theme_builder_area=&#8220;post_content&#8220;][et_pb_text _builder_version=&#8220;4.20.2&#8243; _module_preset=&#8220;default&#8220; theme_builder_area=&#8220;post_content&#8220; hover_enabled=&#8220;0&#8243; sticky_enabled=&#8220;0&#8243;]<\/p>\n<div>\n<div>\n<div class=\"inhalt\">\n<h3><strong>Copyright<\/strong><\/h3>\n<p><strong><\/strong><\/p>\n<p><strong>Gesch\u00fctzte Namen und Markenzeichen (Copyright)<\/strong><br \/>Auf dieser Website verwendete eingetragene Marken, oder gesch\u00fctzte Namen sind Eigentum der jeweiligen rechtlich anerkannten juristischen oder nat\u00fcrlichen Personen, auch bei deren nicht expliziter Ausweisung. Get\u00e4tigte Nennungen dienen lediglich beschreibenden Zwecken und nicht der Eigenwerbung.<\/p>\n<p><strong>Urheberrecht<\/strong><br \/>Der Autor ist bestrebt, in allen Publikationen die Urheberrechte der verwendeten Grafiken, Sounds und Texte zu beachten, von ihm selbst erstellte Grafiken und Texte zu nutzen oder auf lizenzfreie Grafiken und Texte zur\u00fcckzugreifen. Sollte sich auf den jeweiligen Seiten dennoch eine ungekennzeichnete, aber durch fremdes Copyright gesch\u00fctzte Grafik oder Text befinden, so konnte das Copyright vom Autor nicht festgestellt werden. Im Falle einer solchen unbeabsichtigten Copyrightverletzung wird der Autor das entsprechende Objekt nach Benachrichtigung aus seiner Publikation entfernen bzw. mit dem entsprechenden Copyright kenntlich machen.<\/p>\n<\/div>\n<\/div>\n<\/div>\n<p>[\/et_pb_text][\/et_pb_column][\/et_pb_row][\/et_pb_section]<\/p>\n","protected":false},"excerpt":{"rendered":"<p>Copyright Gesch\u00fctzte Namen und Markenzeichen (Copyright)Auf dieser Website verwendete eingetragene Marken, oder gesch\u00fctzte Namen sind Eigentum der jeweiligen rechtlich anerkannten juristischen oder nat\u00fcrlichen Personen, auch bei deren nicht expliziter Ausweisung. Get\u00e4tigte Nennungen dienen lediglich beschreibenden Zwecken und nicht der Eigenwerbung. UrheberrechtDer Autor ist bestrebt, in allen Publikationen die Urheberrechte der verwendeten Grafiken, Sounds und Texte [&hellip;]<\/p>\n","protected":false},"author":2,"featured_media":0,"parent":0,"menu_order":0,"comment_status":"closed","ping_status":"closed","template":"","meta":{"_et_pb_use_builder":"on","_et_pb_old_content":"","_et_gb_content_width":"","footnotes":""},"class_list":["post-57","page","type-page","status-publish","hentry"],"_links":{"self":[{"href":"https:\/\/dev.seneca-cf.de\/index.php\/wp-json\/wp\/v2\/pages\/57","targetHints":{"allow":["GET"]}}],"collection":[{"href":"https:\/\/dev.seneca-cf.de\/index.php\/wp-json\/wp\/v2\/pages"}],"about":[{"href":"https:\/\/dev.seneca-cf.de\/index.php\/wp-json\/wp\/v2\/types\/page"}],"author":[{"embeddable":true,"href":"https:\/\/dev.seneca-cf.de\/index.php\/wp-json\/wp\/v2\/users\/2"}],"replies":[{"embeddable":true,"href":"https:\/\/dev.seneca-cf.de\/index.php\/wp-json\/wp\/v2\/comments?post=57"}],"version-history":[{"count":3,"href":"https:\/\/dev.seneca-cf.de\/index.php\/wp-json\/wp\/v2\/pages\/57\/revisions"}],"predecessor-version":[{"id":405,"href":"https:\/\/dev.seneca-cf.de\/index.php\/wp-json\/wp\/v2\/pages\/57\/revisions\/405"}],"wp:attachment":[{"href":"https:\/\/dev.seneca-cf.de\/index.php\/wp-json\/wp\/v2\/media?parent=57"}],"curies":[{"name":"wp","href":"https:\/\/api.w.org\/{rel}","templated":true}]}}